. Let p = -254 + x. Is p a composite number?
False
Suppose -3*n - 5*h + 1207 = 0, 22*h = -3*n + 18*h + 1211. Is n prime?
True
Let p = 7915 - 1082. Is p a composite number?
False
Let d = -2284 + 6147. Is d prime?
True
Let g(k) = 3*k**3 - 34*k**2 + 26*k - 10. Is g(11) a composite number?
True
Let v = -263 + 3904. Is v composite?
True
Let n = -3406 - -5172. Let u = -667 + n. Is u a prime number?
False
Let n = -3127 + 7253. Is n composite?
True
Let x = -68 - -63. Let w(i) be the third derivative of i**5/60 + i**2. Is w(x) a prime number?
False
Let d(w) = -11162*w + 175. Is d(-6) composite?
True
Let a = 19 + -10. Let l = 17 - a. Suppose -884 = 4*j - l*j. Is j composite?
True
Let x = -14 + 101. Let q be 0 - -1 - (1 - 6). Suppose 5*d - q*d + x = 0. Is d a composite number?
True
Suppose 56*y + 26392 = 64*y. Is y a composite number?
False
Let b = -27 + 30. Suppose h + b*m - 193 = 0, 0*m = 4*h + 5*m - 786. Is h a composite number?
False
Suppose 3*x + 0*h - 1289 = -2*h, -2*h = 4*x - 1718. Let d = x - -478. Is d prime?
True
Let u(o) = -3*o**3 - 12*o**2 - 13*o + 1. Is u(-5) prime?
False
Let m be 3 - (3 + -1) - 7*203. Is (-1)/(1 - (-1424)/m) a prime number?
False
Let w(x) be the first derivative of 115*x**2/2 - 11*x + 1. Is w(4) a composite number?
False
Let s(d) = d + 14. Let f be s(-10). Suppose 0 = -f*h - 7*c + 4*c - 4, 18 = 3*h - 3*c. Let j(g) = 295*g - 3. Is j(h) composite?
False
Let g(r) = 3*r**2 + 4*r - 3789. Let x(s) = -s**2 - s - 1. Let o(a) = -g(a) - 2*x(a). Is o(0) a composite number?
True
Let b(p) = -p + 10. Let q be b(8). Suppose 3 = q*x - f, 3*x - 8 = -f - f. Is ((-3122)/(-28))/(1/x) a prime number?
True
Let t = 12849 - 7702. Is t prime?
True
Let a = -53 - -51. Is (-3)/6 + -5*223/a composite?
False
Let x(t) = -88*t**3 + 6*t**2 - 6*t - 11. Is x(-3) composite?
False
Is (4562*25)/(-5)*8/(-16) composite?
True
Suppose b = -b + 1016. Suppose 0 = -3*j + j + 1490. Let a = j - b. Is a a prime number?
False
Is 1*-187202*(0 - (-2)/(-4)) a prime number?
True
Let i(l) = -l**2 - 6*l - 128*l**3 + 56 - 54 + 5*l + 3*l. Is i(-1) a composite number?
False
Let s = -10423 - -24470. Is s composite?
True
Suppose -1 = -2*b + 3. Let q(w) = w**2 - 7*w + 187 - b*w**2 + w**3 + 8*w. Is q(0) prime?
False
Let w(r) = r**2 - r - 4. Let a be w(3). Suppose a*j = -78 + 252. Suppose 2*q = j + 271. Is q composite?
False
Suppose 152*f - 148*f - 3148 = 0. Is f composite?
False
Let n = 781 - -31. Let d = 1317 - n. Is d composite?
True
Let a(o) = -o**2 - 2*o + 15. Suppose -4 + 56 = -4*g. Let w = g - -13. Is a(w) a prime number?
False
Is (-1538)/(-2)*(-4 + -8 - -13) a prime number?
True
Let l = 21 - 16. Suppose 2*d + 1905 = l*d. Is d a prime number?
False
Let k = -3 - -3. Let o(j) = 0 + 0 + 21*j + k - 1. Is o(3) prime?
False
Suppose 3*v = 4*j - 52, v - 42 = -5*j - v. Is (j/(-3) - 3)*-39 composite?
True
Let k be (-44)/(-4) + (-5)/1. Let v(d) = d**3 + 3*d**2 - 12*d - 1. Is v(k) composite?
False
Let q(x) = 21*x**2 + 18*x - 60. Is q(-17) a prime number?
False
Suppose -2*a = -4 - 0. Suppose 0 = a*l + 7*l - 1827. Is l a composite number?
True
Suppose 668 = 5*v + 1998. Let p(q) = -125*q + 4. Let l be p(-3). Let a = l + v. Is a composite?
False
Let d(c) = 58*c**3 + 2*c**2 - 7*c + 3. Is d(4) prime?
True
Let t(q) = q**2 + 8*q + 5. Let o be t(-9). Suppose 19 = -3*i - o. Let r(k) = -k**3 - 11*k**2 - 9*k - 16. Is r(i) a composite number?
False
Let g = -112 - -1370. Let d = g - 209. Is d prime?
True
Suppose -2*k + 4*k - 3*s + 14 = 0, 0 = 5*k - 5*s + 25. Let i be 2 - 4 - (k + 5). Let f = i - -13. Is f a composite number?
False
Suppose -2*c + 3*q + 30376 = 6*q, -3*q = 3*c - 45567. Is c composite?
True
Let q(k) = -1662*k + 85. Is q(-2) a prime number?
False
Suppose -6*z + 6696 = -5*z. Suppose 5*q + 8 + 12 = 0, -4*f + z = -q. Is f a prime number?
False
Let w(m) = m**3 + 3*m**2 - 9*m + 4. Let y be w(-5). Is (-211)/(4 - 6 - y) prime?
True
Let a = 13 + -11. Let h(f) = -f**2 + 4*f + 1. Let v be h(a). Suppose v*m - 1041 = -116. Is m composite?
True
Let w = 52 + 2. Suppose 46*h = w*h - 4456. Is h a composite number?
False
Is (-8)/36 + (-333145)/(-45) a composite number?
True
Suppose 215 = -2*w + w. Let s be (w - -2)/3 + -3. Let y = s - -377. Is y prime?
False
Let f(m) = 36*m**2 - 11*m - 34. Is f(-5) a prime number?
False
Is (1 + -2)/(6 + (-10060)/1676) a prime number?
True
Suppose -7*v - 225773 = -38*v. Is v a composite number?
False
Let i = 8864 + 5819. Is i a prime number?
True
Suppose -459 = -5*h + 1391. Suppose -423 = 3*q + 18. Let g = h + q. Is g composite?
False
Suppose g + 1852 = 3*g. Let j = 563 + g. Suppose 0 = i - 4*r - 285, r = 5*i - 3*r - j. Is i a composite number?
True
Let j = 553 + -16. Is j prime?
False
Let m(j) be the first derivative of -9*j**4 - j**2 - j - 4. Let i be m(-1). Suppose i + 21 = q. Is q a prime number?
False
Let a = 22 + -38. Let r be (-14)/(-49) - a/(-7). Is r/15 - (-62887)/165 a prime number?
False
Suppose -4*p - 20 = 4. Is ((-6)/(-4))/(p/12) + 334 a prime number?
True
Suppose 249531 + 5710 = 7*d. Is d composite?
True
Is (31972/2)/(27 - 25) a composite number?
False
Suppose 273 - 63 = 3*k. Let g(t) = t**2 - 23*t - 187. Let h be g(-6). Let u = h + k. Is u a prime number?
False
Suppose 0 = -5*h - 3*v + 71, 5*h + 2*v - 41 = 33. Let a = h - 1. Is a composite?
True
Suppose 65 = 5*x + g + 25, 3*x + 4*g - 24 = 0. Let c(t) = -42*t**2 - 5*t. Let q be c(-2). Is (q/8)/((-2)/x) composite?
False
Suppose 3*f - 5*v = 4318, 2*v - 12 = -v. Suppose c - 1189 = f. Suppose 0 = -0*p + 5*p - c. Is p a prime number?
False
Suppose 13 - 34 = -3*d. Is 5/(35/(-2)) - (-6939)/d composite?
False
Let a(y) = y**2 - 2*y - 4. Let z be a(-2). Let t be (-1)/4 - (-21)/z. Is 3 - t - (2 - 341) composite?
False
Let p(z) = 65*z**2 - 176*z + 6. Is p(23) prime?
False
Suppose -84*l - 16773 = -85*l + 2*k, -5*k = 3*l - 50363. Is l a composite number?
True
Suppose -4*x - 3*f + 304837 = 0, -x - 4*f + 7*f = -76198. Is x composite?
False
Let x be 6 - (0 - (115 - -1)). Let k be -1 + 0 - (-334 - 0). Suppose u + x = k. Is u composite?
False
Let g = 3922 - 2211. Is g composite?
True
Let o(u) = -63*u - 2. Let i be o(-7). Let l = 42 + i. Is l prime?
False
Let t(a) = 192*a**2 + 6*a - 11. Is t(-4) a prime number?
True
Suppose 2840 = 18*u - 2002. Is u a composite number?
False
Let w(y) = y**3 - 2*y + 3. Let v be w(3). Suppose 0 = 3*j - 2*j. Suppose -3*p + 42 + v = j. Is p prime?
False
Let s(k) = k + 13. Let v be s(-11). Let p be 128/(v + (-28)/16). Suppose -p = -r + 29. Is r prime?
True
Suppose -4*z + 14501 = 5*m, 1224 = 3*z - 2*m - 9669. Is z composite?
True
Let b = 23 - 23. Suppose -3*m = -717 - b. Is m prime?
True
Suppose -15 = -10*x - 45. Is (-5342)/x*-1*3/(-2) prime?
True
Let w(d) = -32*d + 10. Let x be w(-3). Suppose -21*s + x = -19*s. Is s composite?
False
Let q(x) = x + 9. Let w be q(-4). Is 1 + 1577 + (120/w)/(-6) a composite number?
True
Let d(r) = r - 5. Let o be d(10). Let k be (-3 - -1) + o + -3. Suppose 2*x - 5*v - 42 = k, 4*x = 5*v + 38 + 46. Is x a prime number?
False
Let a(w) = 2*w + 9. Suppose -15 = -3*x, -5*t - 5*x = -43 - 32. Let b be a(t). Suppose -3*f + 13 + b = 0. Is f composite?
True
Let b(r) = r - 13. Let j be b(7). Is 6/4*(8776/6 - j) a composite number?
False
Suppose -4*o - y = -421, 0 = -4*o + o - 4*y + 306. Suppose 0*z - z + o = 0. Is z composite?
True
Let v = 27 - 14. Suppose 0*n + 4*n - p = 2, -n + 2*p + 4 = 0. Suppose 18*t - v*t - 17045 = n. Is t prime?
False
Suppose -132155 = -6*k - 30917. Is k a prime number?
False
Let k(n) = 23*n**3 - 2*n**2 + 4*n - 3. Let z = 11 - 6. Suppose -z*x + 3*u = 5, -2*x - 6*u = -2*u - 24. Is k(x) a prime number?
True
Suppose -3*h + 243 = 3*s, 4*s - 314 = 3*h - 5*h. Let u(d) = 20*d - 61. Let p be u(5). Let k = s + p. Is k a prime number?
False
Let u(k) = -2*k**3 - 5*k**2 - 3*k - 1. Let r(w) = w**3 - w**2 - 2*w. Let z be r(2). Let m(s) = -s**2 - s - 5. Let x be m(z). Is u(x) a composite number?
False
Let q be 1554/10*(1 + -6). Let c = q - -1259. Is c prime?
False
Let o be (2/(-7))/((90/63)/(-10)). Suppose 3014 = 3*d - 2524. Suppose -b = -5*s + 2782, 0 = -5*s - o*b + d + 945. Is s a prime number?
True
Let k be (-1)/(1/(-721) - 0). Suppose -307*y = -309*y + 504. Let s = k - y. Is s a composite number?
True
Suppose -253*j + 246*j = -219149. Is j a prime number?
True
Let d b